Is 193983781 composite?
False
Is 148648349 a composite number?
False
Is 4197443 a prime number?
True
Is 180885781 a prime number?
False
Is 149941227 prime?
False
Is 3184681 prime?
False
Is 380645 a composite number?
True
Is 4140281 a prime number?
True
Is 131712611 prime?
False
Is 37336657 composite?
True
Is 6079783 composite?
False
Is 65015629 a prime number?
False
Is 2710589 a prime number?
False
Is 39855487 a prime number?
False
Is 95662787 prime?
False
Is 117003317 a prime number?
True
Is 230565193 a prime number?
False
Is 20760193 composite?
True
Is 19716387 a prime number?
False
Is 14824715 composite?
True
Is 5969387 composite?
True
Is 551368061 a composite number?
False
Is 3095797 a prime number?
True
Is 3862829 composite?
True
Is 597503 a composite number?
True
Is 273341507 a composite number?
False
Is 23703 composite?
True
Is 441443 composite?
False
Is 4160269 a composite number?
False
Is 2977183 a composite number?
True
Is 39723317 prime?
True
Is 7298699 prime?
True
Is 161157833 a prime number?
False
Is 1843381 a composite number?
True
Is 92649721 composite?
False
Is 32013547 a prime number?
False
Is 5199911 prime?
True
Is 37874797 a composite number?
False
Is 4169491 prime?
True
Is 609641 composite?
False
Is 15475507 a composite number?
False
Is 372793 a prime number?
False
Is 1214400313 composite?
True
Is 34231 a composite number?
False
Is 137603881 a prime number?
True
Is 3638939 a composite number?
True
Is 55959853 a prime number?
False
Is 12887261 a composite number?
False
Is 270235873 composite?
False
Is 1087495 a composite number?
True
Is 349224917 prime?
True
Is 548591 prime?
True
Is 688987 prime?
False
Is 2349187 composite?
True
Is 122897854 prime?
False
Is 2217935 composite?
True
Is 1104323686 composite?
True
Is 1067463521 a composite number?
False
Is 99505729 a prime number?
False
Is 18687751 a prime number?
False
Is 30681683 prime?
True
Is 6170221 prime?
True
Is 2866229 a prime number?
False
Is 57951111 prime?
False
Is 368190061 a prime number?
False
Is 74816691 composite?
True
Is 368189 a prime number?
True
Is 14405869 composite?
False
Is 98348189 composite?
True
Is 22921637 prime?
False
Is 7294723 a composite number?
False
Is 2347939 composite?
True
Is 87895711 prime?
True
Is 14792369 a composite number?
True
Is 111400039 a prime number?
False
Is 628561 prime?
True
Is 11985761 prime?
True
Is 3205715 prime?
False
Is 34908919 composite?
False
Is 39251 a composite number?
False
Is 67996147 a composite number?
False
Is 32975329 composite?
False
Is 2808149 composite?
False
Is 6255757 a prime number?
False
Is 382033 a composite number?
True
Is 101367121 prime?
False
Is 363088171 prime?
True
Is 11561591 a composite number?
False
Is 17564331 composite?
True
Is 29198083 prime?
True
Is 13742881 a composite number?
True
Is 253981477 prime?
True
Is 547605937 composite?
False
Is 531930233 a composite number?
False
Is 122017 prime?
False
Is 18083386 composite?
True
Is 8675221 prime?
True
Is 186824453 prime?
False
Is 16486527 composite?
True
Is 48210823 a prime number?
False
Is 3940741 prime?
False
Is 983117237 composite?
False
Is 6303629 a prime number?
True
Is 1975591 prime?
False
Is 26217551 a prime number?
True
Is 7071893 a composite number?
False
Is 19774337 prime?
False
Is 2756777 a prime number?
True
Is 7702949 a composite number?
False
Is 9496153 composite?
False
Is 26599091 prime?
True
Is 3210923 composite?
True
Is 2399869 a composite number?
False
Is 58936802 a composite number?
True
Is 5262263 a composite number?
False
Is 151410881 composite?
False
Is 6554063 a composite number?
True
Is 49090021 prime?
True
Is 313393 prime?
False
Is 674186389 composite?
False
Is 1923563 prime?
False
Is 20647093 a composite number?
False
Is 1354123 prime?
False
Is 190927367 prime?
False
Is 13966091 a composite number?
False
Is 32951621 prime?
False
Is 4023161 composite?
False
Is 954458 a prime number?
False
Is 35603157 composite?
True
Is 2116441 prime?
True
Is 174762353 a composite number?
False
Is 966689 a composite number?
True
Is 134271749 prime?
False
Is 14740409 a prime number?
False
Is 2409208735 composite?
True
Is 911207 composite?
True
Is 10280717 a prime number?
True
Is 57960307 composite?
False
Is 2803019 a composite number?
False
Is 802166667 a prime number?
False
Is 675764534 a prime number?
False
Is 27151903 prime?
True
Is 3267062 composite?
True
Is 5301601 a composite number?
False
Is 22797545 composite?
True
Is 129483971 a prime number?
False
Is 9370409 composite?
False
Is 2875619 a composite number?
False
Is 325161093 a prime number?
False
Is 290015059 a composite number?
True
Is 30165349 a composite number?
True
Is 5082463 a composite number?
False
Is 661673165 a composite number?
True
Is 11911801 composite?
True
Is 84410129 a composite number?
False
Is 2196287 prime?
True
Is 562369567 a composite number?
False
Is 157393 composite?
False
Is 3099829 a prime number?
False
Is 966943229 prime?
False
Is 16809193 a prime number?
True
Is 389299601 prime?
False
Is 42125401 a prime number?
False
Is 1149737 a composite number?
False
Is 8524591 a prime number?
True
Is 18396863 prime?
True
Is 45052001 a prime number?
True
Is 12779497 a prime number?
False
Is 32997719 prime?
True
Is 79678 a prime number?
False
Is 5777281 prime?
False
Is 115407001 a composite number?
False
Is 1780099 a composite number?
False
Is 28277 a prime number?
True
Is 35518955 prime?
False
Is 7395203 a prime number?
False
Is 396754 composite?
True
Is 60259179 a prime number?
False
Is 204749 a prime number?
True
Is 11554711 a composite number?
True
Is 118869497 a composite number?
True
Is 652444405 prime?
False
Is 3351779 composite?
False
Is 5049091 a prime number?
False
Is 36721141 a composite number?
True
Is 1766879 a prime number?
True
Is 50753858 a prime number?
False
Is 29109593 a prime number?
False
Is 26415377 a composite number?
True
Is 2987057 a composite number?
False
Is 98754553 a prime number?
True
Is 2541291 a prime number?
False
Is 104715161 a composite number?
False
Is 4537909 prime?
True
Is 158517419 a composite number?
True
Is 5497573 prime?
True
Is 916421 composite?
True
Is 102625021 composite?
False
Is 27599261 a prime number?
True
Is 18178697 a prime number?
True
Is 68490503 composite?
True
Is 34801069 composite?
False
Is 69913321 a composite number?
False
Is 59388257 prime?
False
Is 25301849 prime?
True
Is 2978737 a composite number?
False
Is 8932271 a prime number?
True
Is 692679695 composite?
True
Is 162411839 a prime number?
True
Is 2901029 prime?
True
Is 36641531 a composite number?
False
Is 16429111 composite?
False
Is 92340977 a prime number?
True
Is 268381207 prime?
False
Is 803827 a composite number?
True
Is 67651697 a prime number?
True
Is 200230823 composite?
True
Is 53615963 a composite number?
False
Is 177321797 prime?
False
Is 5242109 composite?
True
Is 18251089 a prime number?
False
Is 108533351 a composite number?
False
Is 288790517 a composite number?
False
Is 135515 a prime number?
False
Is 1312930699 prime?
False
Is 470105143 a composite number?
False
Is 33380713 composite?
False
Is 817943 a prime number?
False
Is 10390867 a composite number?
True
Is 4793183 composite?
False
Is 877567 a prime number?
True
Is 200586797 a prime number?
True
Is 3762131 prime?
True
Is 165264023 a prime number?
True
Is 44036339 a composite number?
False
Is 1474822 a composite number?
True
Is 283369 prime?
True
Is 1871039 a composite number?
False
Is 695257 prime?
True
Is 12235499 a prime number?
False
Is 246924787 a composite number?
True
Is 1689673 a composite number?
True
Is 1492867 prime?
False
Is 150139 prime?
False
Is 46763953 prime?
True
Is 80866133 a composite number?
False
Is 29463451 a composite number?
True
Is 18419705 composite?
True
Is 140184611 a composite number?
True
Is 4144631 prime?
True
Is 2152331 prime?
False
Is 8709293 composite?
True
Is 2684333 composite?
False
Is 2078179 a composite number?
True
Is 11377097 prime?
False
Is 2153 a prime number?
True
Is 48155 a prime number?
False
Is 13142218 prime?
False
Is 325057 a prime number?
False
Is 37220017 prime?
False
Is 30309043 a prime number?
False
Is 16646491 a composite number?
False
Is 34139591 a prime number?
True
Is 21685681 a prime number?
False
Is 7373291 prime?
False
Is 